 i + 7. What is c(-5)?
27
Let p(o) = -3*o**2 + o + 16. What is p(-5)?
-64
Let z(t) = -t - 2. What is z(-1)?
-1
Let c(d) = -3*d - 1. Calculate c(-8).
23
Let j(m) = -m**2 - 6*m - 10. Give j(-4).
-2
Let n(x) = 5*x**2 - 2*x - 2. What is n(2)?
14
Let t(v) = -4*v - 20. Determine t(-7).
8
Let o(p) = p**3 + 15*p**2 + 13*p - 2. Calculate o(-14).
12
Let n(f) = 121*f**3 - 2*f**2 - f + 1. Give n(-1).
-121
Let t(q) = -2*q - 65. Determine t(0).
-65
Let g(b) = 3*b**2 + b. Determine g(1).
4
Let k(p) = -4*p**2 + 29*p + 19. Give k(8).
-5
Let o(l) = 8*l + 23. Determine o(-4).
-9
Let l(i) = 7*i**3 - 11*i**2 - 9*i + 2. What is l(-1)?
-7
Let i(r) = -9*r**2 + 4*r + 1. Determine i(2).
-27
Let f(t) = -2*t**2 - 4*t - 3. Calculate f(-8).
-99
Let f(g) = 3*g + 27. Give f(11).
60
Let v(k) = 11*k**2 + 7*k - 2. What is v(-3)?
76
Let g(f) = f**2 - 45*f + 206. Calculate g(40).
6
Let a(p) = 5*p - 13. What is a(-9)?
-58
Let l(j) = j**2 - j - 8. What is l(6)?
22
Let y(b) = -b**3 + 17*b**2 - 14*b + 24. What is y(16)?
56
Let g(k) = k**2 + 7*k + 7. Determine g(-6).
1
Let n(g) = g**3 + 16*g**2 - 2*g - 37. Calculate n(-16).
-5
Let j(b) = b**2 - 5*b - 6. Give j(6).
0
Let j(s) = s**3 - 5*s**2 - 6*s + 7. Determine j(6).
7
Let v(t) = -4*t**2 - 56*t + 7. Give v(-14).
7
Let u(j) = 5*j**2 - 32*j + 5. What is u(6)?
-7
Let z(p) = -2*p**2 - 7*p - 4. What is z(-8)?
-76
Let w(x) = -x**3 - 9*x**2 + 11*x - 7. Determine w(-10).
-17
Let g(k) = k**3 + 9*k**2 + 8*k + 11. Give g(-8).
11
Let h(v) = -v**2 - 9*v + 14. Calculate h(-9).
14
Let l(p) = 2*p**2 - 19*p + 37. Give l(7).
2
Let u(a) = -a + 5. Calculate u(-11).
16
Let d(g) = 4*g**2 - 2*g - 2. What is d(3)?
28
Let b(y) = -y**2 + 9*y - 8. Determine b(6).
10
Let h(r) = -2*r**2 - 10*r + 5. Calculate h(-5).
5
Let q(s) = 2*s - 65. Determine q(-19).
-103
Let b(k) = -k**2 + 13*k + 55. Calculate b(17).
-13
Let g(y) = 2*y**2 + 3*y - 47. Give g(6).
43
Let p(w) = 2*w - 30. Determine p(23).
16
Let g(y) = -9*y + 177. Give g(20).
-3
Let m(d) = -4*d - 16. What is m(-4)?
0
Let q(j) = -j**3 - 2*j**2 + 4*j + 2. What is q(-3)?
-1
Let n(o) = 2*o - 66. Give n(35).
4
Let j(f) = -f**3 - 18*f**2 - 16*f + 20. Calculate j(-17).
3
Let x(u) = -2*u**3 - 17*u**2 - 5*u + 4. Calculate x(-8).
-20
Let v(g) = -g**2 + 44*g - 320. Calculate v(9).
-5
Let a(s) = s**2 - 7*s + 8. Give a(4).
-4
Let w(u) = u**2 - 14*u - 23. Give w(15).
-8
Let y(g) = -4*g + 5. Give y(6).
-19
Let q(v) = -v**3 - 4*v**2 + 2*v + 4. Determine q(-4).
-4
Let v(d) = -4*d**2 - 2*d - 3. What is v(-4)?
-59
Let b(v) = 2*v**2 + 22*v - 27. Calculate b(-12).
-3
Let k(n) = -n**3 - 22*n**2 - n - 17. Calculate k(-22).
5
Let t(c) = c**3 + 12*c**2 + 9*c - 6. Give t(-11).
16
Let h(c) = -c**3 + 8*c**2 - 9*c + 6. What is h(6)?
24
Let f(l) = -2*l**2 - 12*l + 3. Determine f(-9).
-51
Let h(o) = o**3 - 2*o**2 - 2*o - 4. Give h(-2).
-16
Let l(x) = -2*x + 50. Calculate l(27).
-4
Let l(c) = -2*c**3 + 9*c**2 + 9*c - 56. What is l(4)?
-4
Let h(z) = -20*z**3 - z**2 + 2*z - 1. Give h(1).
-20
Let f(s) = 33*s - 45. Determine f(6).
153
Let v(g) = 2*g**2 - 7*g + 3. Determine v(3).
0
Let t(w) = -w**2 - 13*w + 6. What is t(-10)?
36
Let q(b) = -3*b**3 - b**2 - 3*b + 3. Determine q(-3).
84
Let o(g) = -2*g - 15. What is o(-5)?
-5
Let i(r) = -r - 13. What is i(0)?
-13
Let g(o) = -3*o + 2. What is g(-2)?
8
Let w(m) = 5*m + 28. Give w(0).
28
Let z(x) = -3*x - 98. What is z(-23)?
-29
Let v(p) = p**3 + 12*p**2 + 22*p + 10. Give v(-10).
-10
Let k(l) = l**3 - 8*l**2 - l + 11. Calculate k(8).
3
Let b(j) = -8*j**3 + 4*j**2 + 2*j + 4. Give b(-2).
80
Let c(m) = -16*m - 52. What is c(-5)?
28
Let s(l) = l**3 + 6*l**2 + 7*l + 1. Calculate s(-5).
-9
Let o(b) = -3*b**2 + 3*b - 3. What is o(3)?
-21
Let g(d) = -13*d + 6. Determine g(2).
-20
Let k(y) = 2*y**2 - 7*y - 2. Give k(3).
-5
Let c(h) = h**3 + 4*h**2 - 12*h - 9. What is c(-6)?
-9
Let n(u) = u**2 + 13*u - 16. Give n(-17).
52
Let i(o) = -o**3 - 9*o**2 + 4*o + 5. Give i(-8).
-91
Let p(q) = -q**3 + 6*q**2 + 4*q - 8. Give p(6).
16
Let i(j) = -j**3 + 14*j**2 - 41*j + 5. Calculate i(10).
-5
Let o(r) = 6*r - 64. What is o(11)?
2
Let z(y) = y**3 + 13*y**2 - 27*y + 36. Determine z(-15).
-9
Let o(f) = 2*f**2 - 5*f - 6. What is o(6)?
36
Let j(z) = -z**3 + z - 4. Determine j(0).
-4
Let o(f) = -f**2 + 12*f - 41. Calculate o(7).
-6
Let g(h) = 2*h**3 + 27*h**2 - 12*h + 24. What is g(-14)?
-4
Let r(p) = -p**2 - 7*p - 2. Determine r(-3).
10
Let t(x) = -x**3 + 2*x**2 - 3*x. What is t(1)?
-2
Let r(k) = 38*k - 70. What is r(2)?
6
Let h(b) = 12*b + 96. Give h(-8).
0
Let y(z) = -5*z - 4. Give y(-3).
11
Let p(l) = -l**3 + 5*l**2 + 6*l + 5. Give p(5).
35
Let o(i) = -i**2 + 13*i + 17. Calculate o(13).
17
Let o(b) = 3*b**2 - 7*b - 1. Determine o(3).
5
Let v(k) = k**2 - 15*k + 10. Calculate v(13).
-16
Let a(z) = -z**2 - z + 6. Determine a(-5).
-14
Let h(t) = t**3 - 15*t**2 + 16*t - 25. Determine h(14).
3
Let j(z) = 58*z + 1. Calculate j(2).
117
Let l(z) = z**2 + 1. Calculate l(-4).
17
Let t(o) = 5*o**2 + 59*o - 8. Calculate t(-12).
4
Let q(v) = 5*v**2 + v. Calculate q(1).
6
Let u(v) = v**2 + 4*v + 26. Determine u(-4).
26
Let a(u) = -u**3 - 9*u**2 + 35*u - 11. Calculate a(-12).
1
Let m(h) = h**2 - 40*h - 63. Calculate m(41).
-22
Let v(p) = 2*p**2 + 3*p - 2. Give v(-5).
33
Let q(h) = -14*h**2 - h - 3. Determine q(-2).
-57
Let x(u) = -8*u - 214. Give x(-20).
-54
Let a(y) = -12*y**3 - 4*y**2 - 2*y - 1. Give a(-2).
83
Let w(g) = g**3 + 6*g**2 + 9*g + 45. Give w(-6).
-9
Let n(k) = -3*k + 35. Determine n(17).
-16
Let q(z) = 2*z**3 + 10*z**2 - 47*z - 10. What is q(-8)?
-18
Let h(r) = 7*r + 29. Determine h(-5).
-6
Let y(n) = 5*n + 9. What is y(-17)?
-76
Let y(h) = 83*h**2 + 2*h - 1. Determine y(1).
84
Let m(i) = -i**2 + 10*i + 8. Give m(11).
-3
Let p(s) = s**3 - 23*s**2 + 23*s - 17. Calculate p(22).
5
Let y(c) = c**2 + 15*c + 14. Give y(-8).
-42
Let t(v) = 3*v + 6. What is t(-7)?
-15
Let l(i) = -i**3 + 11*i**2 - 7*i + 3. Calculate l(10).
33
Let n(f) = f**3 - 6*f**2 + 4*f - 1. Calculate n(5).
-6
Let v(g) = 4*g**2 - 4. What is v(2)?
12
Let g(t) = t**3 - 16*t**2 + 29*t - 31. Determine g(14).
-17
Let d(l) = l**3 + 2*l - 24. Calculate d(0).
-24
Let d(s) = 2*s - 12. Give d(5).
-2
Let j(f) = 9*f - 78. Calculate j(8).
-6
Let c(w) = 14*w + 1. Determine c(-3).
-41
Let f(z) = -z**3 - 4*z**2 + 2*z + 14. What is f(0)?
14
Let r(x) = -6*x**2 - 2*x - 2. Determine r(-1).
-6
Let i(x) = 13*x - 40. What is i(3)?
-1
Let h(a) = 5*a**3 - 3*a**2 + 13*a - 11. What is h(1)?
4
Let i(u) = -3*u**2 + 2*u + 6. Calculate i(-2).
-10
Let q(u) = -u**2 + 19*u - 75. What is q(6)?
3
Let l(b) = 36*b**2 - b + 1. Calculate l(1).
36
Let v(b) = -b**2 - 82*b - 447. Give v(-6).
9
Let j(w) = w**3 - w**2 + 29*w - 163. Give j(4).
1
Let h(r) = -r**3 + 6*r**2 - 2*r - 7. Give h(5).
8
Let h(n) = -n**2 + 4*n - 13. What is h(6)?
-25
Let x(a) = -a**3 - 8*a**2 + 2*a + 94. Calculate x(-6).
10
Let u(y) = -23*y - 126. What is u(-5)?
-11
Let h(a) = a**3 + 5*a**2 + a - 5. Calculate h(-4).
7
Let n(q) = -11*q - 3. Determine n(-2).
19
Let c(l) = 93*l**3 + 3*l**2 + l - 1. Calculate c(-1).
-92
Let i(a) = 47*a + 231. Calculate i(-5).
-4
Let w(z) = z**3 + 9*z**2 - 32*z - 284. Give w(-9).
4
Let z(y) = -y**2 - 18*y - 20. What is z(-14)?
36
Let f(s) = -s**3 - 7*s**2 - 6*s + 7. Determine f(-5).
-13
Let s(l) = 29*l + 2700. Determine s(-93).
3
Let j(f) = f + 11. Calculate j(0).
11
Let y(d) = -d**3 + 6*d**2 + 7. Give y(6).
7
Let s(l) = 19*l - 20. Determine s(8).
132
Let d(h) = -2*h**3 + 3*h**2 - h - 4. What is d(3)?
-34
Let x(p) = 8*p - 107. What is x(9)?
-35
Let b(y) = 57*y - 3. Determine b(1).
54
Let d(l) = -2*l**2 - 17*l + 31. Calculate d(-13).
-86
Let s(j) = -j**2 + 31*j - 234. Give s(19).
-6
Let w(k) = -k**3 - 9*k**2 + 18*k - 34. What is w(-11)?
10
Let c(r) = -r**2 - 18*r + 18. Determine c(-19).
-1
Let g(v) = -v**3 - 19*v**2 - v - 24. Give g(-19).
-5
Let b(w) = -w**3 + 3*w - 57. Calculate b(0).
-57
Let b(a) = 7*a**3 - 246*a**2 + 34*a + 29. Give b(35).
-6
Let p(g) = -g**3 + 9*g**2 - 11*g + 3. Determine p(8).
-21
Let h(l) = -l**3 - l**2 + 5*l - 3. What is h(-3)?
0
Let t(f) = 2*f - 6. Give t(-5).
-16
Let w(i) = 15*i - 4. Determine w(-5).
-79
Let a(b) = -30*b - 231. Give a(-8).
9
Let t(b) = 16*b + 108. Give t(-7).
-4
Let j(o) = -o**3 - 11*o**2 - 6*o + 12. Give j(-10).
-28
Let q(t) = -t**3 + 6*t**2 - 5*t - 2. What is q